6/180 - x**5/20 + 5*x**4/6 + 58*x. Let k(f) be the third derivative of d(f). Determine k(4).
10
Let z(g) = -5*g - 2. Suppose -29 + 35 = -3*x. Let p be 9 - (-4 + 11 + x). Suppose 12 = p*u - u. What is z(u)?
-22
Let b = -2583 + 2585. Let i(z) = -8*z**2 - 2. Give i(b).
-34
Let o(d) = -d**3 + 5*d**2 - 3*d - 2. Suppose -135*a = -138*a + 60. Suppose 4*n + a = 9*n. What is o(n)?
2
Let u(g) = -2*g**3 + 17*g - 32504 + 32505 + 3*g**3 - 18*g**2. Let b be u(17). Let y(j) = 8*j**2 + j - 1. What is y(b)?
8
Suppose 8*j = 3*j + 20. Let x(g) = -9*g - 5 + 33*g + g**2 - 13*g + 11 - 15*g. What is x(j)?
6
Let a(f) = 7*f**2 + 3*f - 18. Let v(t) = -3*t**2 - t + 9. Let b(n) = 2*a(n) + 5*v(n). Suppose 22*y - 16 + 60 = 0. Let r be 7 + -13 - y - -4. What is b(r)?
9
Let k = -17 - -10. Let j(f) be the second derivative of -f**5/20 - 7*f**4/12 - f**3 + 3*f**2 - 22822*f. Calculate j(k).
48
Let n(c) = c**3 + 6*c**2 + 3*c + 1. Suppose 8*w + 56 = -488. Let l = 63 + w. Calculate n(l).
11
Suppose -41*b = -32*b - 45. Suppose -2*l = -2*a - 7*l + 34, 3*l = -b*a + 47. Let g(v) = v. What is g(a)?
7
Let c(i) = i**2 - 25*i + 16. Let j(y) = -29*y + 18. Let t(m) = -6*c(m) + 5*j(m). Calculate t(2).
-20
Let i(b) = -b**3 + 19*b**2 - 15*b - 50. Suppose -2*j - 108 = -8*j. Let o be i(j). Let c(q) = -q**2 + 2*q + 2. What is c(o)?
-6
Let f = -12123 + 12117. Let n(v) = -5*v**3 - 29*v**2 + 9*v + 1. Calculate n(f).
-17
Let d(w) be the first derivative of -w**2/2 + 8*w - 1. Suppose q = -4*p + 8, 0 = -2*q + 2*p + 11 - 15. Suppose q = -9*n + 53 + 1. What is d(n)?
2
Let g(n) = 221*n + 18. Let p(o) = -63*o - 6. Let v(z) = 2*g(z) + 7*p(z). Give v(0).
-6
Let o(w) = 8*w - 3*w**2 + 15 - 6 + 4*w**2. Let y be 2 + -2 + ((-25)/((-350)/84))/(-1). Calculate o(y).
-3
Let d(x) = x - 18. Let y be d(-10). Let r = 11 + y. Let l = r + 11. Let n(p) = p**3 + 7*p**2 + 7*p - 7. Give n(l).
-13
Let l(k) = -14*k**3 + 3*k**2 - 7*k - 9. Let y(w) = 23*w**3 - 6*w**2 + 14*w + 18. Let x(m) = -5*l(m) - 3*y(m). Determine x(-4).
3
Let u(k) = -1 + 16*k**3 + 9*k - 15*k**3 + 2 + 6*k**2 + 2. Calculate u(-4).
-1
Let k(y) be the third derivative of -y**4/24 + 5*y**3/6 + 2*y**2. Let b = -126 - -136. Let c be (3*(-6)/15)/(2/b). Give k(c).
11
Let h(u) = -2*u + 7 + 5*u - 2 + 1. Let v be h(0). Let z(n) = n + 5 + 5*n**2 - 5*n**3 + v*n**3 - 3. What is z(-5)?
-3
Let s(c) = -c**2 - 5*c + 1. Let m be s(-5). Let w(h) = 50*h**2 + 16*h - 1 - h**3 - 43*h**2 - m - 7*h. Determine w(8).
6
Let s(t) = t**2 - t. Let l be (28/10)/((-854)/(-610)). Calculate s(l).
2
Let c(g) = 2*g - 35. Let h(m) = -m + 19. Let y(t) = 6*c(t) + 11*h(t). Let a(z) = z + 6. Let p(d) = -a(d) - 2*y(d). Calculate p(-3).
5
Let f = -5 - -4. Let m(j) = 241*j - 543*j + 0 + 0 + 279*j. Determine m(f).
23
Let m(g) be the second derivative of 1/6*g**3 + 14 - 3*g - 5*g**2. Give m(9).
-1
Let y(m) = -3*m**2 - 25*m - 33. Let d be y(-6). Let x(c) = -6 + 9 - d + c - 8. Give x(16).
2
Suppose -28*m - 38 = -8*m + 18*m. Let c(o) = -36*o**3 + 2*o**2 + 2*o + 1. What is c(m)?
37
Let h = 557 + -553. Suppose 5*b + 4*o = 11, -10 - 6 = -4*b + 4*o. Let v(g) = -2*g**2 + 3*g**b - 10*g**2 + 8*g**2 - 5 - 2*g**3 + 2*g. Give v(h).
3
Let a = 546 + -559. Let i(m) = m**3 + 14*m**2 + 16*m + 28. Determine i(a).
-11
Let i = 6 - 6. Let k(t) = 8*t + 0*t - 9*t + 4*t - t + 7. What is k(i)?
7
Let z(f) be the first derivative of f**4/4 - 5*f**3/3 - f**2/2 + 13*f - 2531. Give z(5).
8
Let g(s) = -28*s - 34. Let l(a) = -9*a + 5. Let o(v) = -g(v) + 4*l(v). What is o(13)?
-50
Let q(d) = -d**2 - 5*d - 3. Suppose 0 = 2*i + 8 - 4, 0 = 2*x - 4*i + 14. Let k be (10 + x)*1*5. Give q(k).
-3
Let x = 1734 - 1734. Let f(a) be the third derivative of x*a + 0*a**3 + 1/12*a**4 + 0 + 9*a**2. Determine f(-1).
-2
Let q(s) = -11*s - 35. Let h(k) = -53*k - 169. Let m(v) = -6*h(v) + 29*q(v). Calculate m(-5).
4
Let f = -14 + 18. Suppose -3*a = 4*j - a - 22, 4*j = f*a + 4. Let p(r) be the first derivative of r**4/4 - r**3 - 2*r**2 + 2*r + 55. Calculate p(j).
2
Suppose -3*s + 2*b = 2 + 7, -10 = -s + 5*b. Let k(j) be the second derivative of -j**3/6 + 3*j**2 + 1157*j + 2. Give k(s).
11
Suppose -3*n + 3*d + 57 = 0, n + 17 - 24 = -2*d. Let j(g) = -26*g + g + 24 + 8*g**2 + n*g - 9*g**2. Give j(-12).
0
Let j(t) = t. Let a(s) = -6*s + 3. Let p(o) = -a(o) - 5*j(o). Let c be (-106)/14 + 56/98 + 2. What is p(c)?
-8
Suppose -8*i + 13*i - 60 = 0. Suppose 0 = 2*y - 2*a + i, 4*y + 2 = a - 22. Let z(d) = 3*d - 8. Calculate z(y).
-26
Suppose t = -2*k - 0*k - 7, -5*t + 20 = -k. Suppose j = 2*s - 1, 5*j + t = s + 16. Let b(y) = 5 + 3*y**2 - 4*y**3 - y**2 - 4 + 4*y + j*y**3. Give b(3).
4
Let f(x) = -13*x - 2. Let p(b) = 10*b - 40. Let w(r) = f(r) + p(r). Give w(-9).
-15
Let w(s) be the first derivative of 2*s**3/3 - 3*s**2 - 3*s + 1189. Calculate w(4).
5
Let v be (-4)/8*-8 + -40. Let x be (v/(-20))/((-1)/10*2). Let z(b) = -b - 3. What is z(x)?
6
Let n(v) be the second derivative of v**4/12 + 3*v**3/2 + 5*v**2 - v. Let u = -68 - -73. Suppose -j + c - 2 = 0, -5*j + u*c - 6*c - 40 = 0. Give n(j).
-4
Let z(t) = -5*t**2 - 4*t - 3. Let v = 34 + -32. Let b(k) = -9*k - 6 - 7*k**2 - 2*k**2 - 2*k**2 + 0*k**v. Let l(h) = -6*b(h) + 13*z(h). Calculate l(-4).
5
Let h(v) = v**3 + 7*v**2 + 2*v + 5. Let b(g) = 356*g + 16. Let a be b(7). Suppose -2504*k = -a*k - 28. Give h(k).
-9
Let x(i) = i**2 + 5*i - 5. Let f be x(-6). Let g(h) = 7*h**3 + h**2 - 1. What is g(f)?
7
Suppose 43671 = 495*h + 48126. Let d(m) be the first derivative of -m**4/4 - 10*m**3/3 - 11*m**2/2 - 12*m - 1. What is d(h)?
6
Let a(z) = z**2 - 6*z - 8. Let g(r) = r**2 + 22*r + 43. Let d be g(-20). Suppose -c - 3 = -j, -16 = -d*j - 2*c + 3. Suppose j = 3*w - 13. What is a(w)?
-8
Let r(a) be the first derivative of 1/4*a**4 + 11 + 2*a**3 - 2*a**2 - 6*a. Determine r(-6).
18
Suppose 2*k - 4*k = -54. Let i be ((-243)/(-72))/(15/80). Let y be (3*6/k)/((-3)/i). Let q(t) = -t - 1. Give q(y).
3
Let y(t) = -2*t. Suppose -12 = 5*l + 3. Let s(r) be the second derivative of 5*r**3/6 + r**2/2 - 124*r. Let j(d) = l*s(d) - 8*y(d). Determine j(-6).
-9
Suppose 281*i = -3005 - 929. Let p(b) = b**3 + 14*b**2 - 5*b - 10. Determine p(i).
60
Let g(d) = 50*d**3 + d**2 - d - 1. Let a(s) = -53*s + 211. Let h be a(4). Give g(h).
-49
Suppose -266 = -11*i - 13. Let y(o) = 9*o + 3*o - 12*o + 1 - o + i*o**2. What is y(1)?
23
Let n(b) be the second derivative of -b**5/20 + 5*b**4/4 - 11*b**3/6 + 4*b**2 + 92*b + 3. Determine n(14).
50
Let l = -148 + 142. Let i(c) = 3*c**3 - 12*c**2 - 12*c - 8. Let b(w) = w**3 - w**2 - w. Let k(j) = 4*b(j) - i(j). Determine k(l).
32
Let h(l) = -l**2 + l + 9. Let u = 192 + -27. Let c = -165 + u. Determine h(c).
9
Let l(j) be the first derivative of j**4/24 + j**3/3 - 12*j**2 - 3*j - 71. Let y(r) be the second derivative of l(r). Calculate y(-5).
-3
Let t(q) = -q**3 + 5*q**2 - 5*q + 2. Let b(o) = -o**3 + 23*o**2 - 17*o - 6. Let s be b(22). Let j be s/(-32)*4*-2. Suppose j = -g + 30. Give t(g).
-2
Let n(f) = 30*f + 1582. Let y(s) = 40*s + 2135. Let p(c) = 11*n(c) - 8*y(c). Give p(-31).
12
Let o be 2/(-43) - (-22102)/(-1849). Let i(t) = 3*t + 30. What is i(o)?
-6
Let y = -4345 - -4350. Let a(d) = d**3 - 3*d**2 - 14*d + 17. Give a(y).
-3
Suppose 3*g - 2*g - 4 = -2*v, -3*v = 4*g - 11. Suppose -2*i - g*f - 4 = -6*i, -5*f = i - 12. Let p(n) = -n**2 - 1. Calculate p(i).
-5
Suppose b - 58 = -57. Let r(a) = 5. Let g(w) = -w. Let d(u) = b*r(u) - g(u). What is d(-5)?
0
Let g(t) be the first derivative of -23*t**2 + 4*t + 4392. Determine g(2).
-88
Let m = 1449 - 1430. Let i(x) = x**2 - 21*x + 28. Give i(m).
-10
Let l(i) be the second derivative of -3*i**5/10 - i**4/12 - i**3/3 + i**2 + i. Suppose 293925 = 80*v + 293845. Determine l(v).
-7
Let z(g) = -g**3 - 21*g**2 + 99*g - 33. Let c be z(-25). Let m(b) = -6*b - 49. Calculate m(c).
-1
Let u(s) = 11*s - 78. Let a(c) = -3*c + 20. Let g(r) = -7*a(r) - 2*u(r). Calculate g(-4).
20
Let k(d) = d - 1. Suppose 0 = -39*w + 35*w - 432. Let u be 50/18 - 24/w. What is k(u)?
2
Let g = 2 + -6. Let r(t) = 2*t**3 - t - 2. Let o(l) = -9*l**3 - 4*l**2 + 4*l + 4. Let p(y) = -o(y) - 4*r(y). Give p(g).
4
Let y be 22 + -16 + (-7)/(7/(-48)). Suppose y = -4*r + r - 3*s, r - 3*s + 2 = 0. Let f(k) = -k**3 - 14*k**2 + k + 6. What is f(r)?
-8
Let o(a) be the first derivative of 5*a**2/2 - 3*a - 36. Let i = 12 - 12